o(k). List the prime factors of l(5).
5, 11
Let g(q) = 6*q + 6. Let y be g(3). Let d be (y/(-21))/((-2)/7). What are the prime factors of 1 - -16 - -2 - d?
3, 5
Let p be ((-3)/(-2))/(2 - (-34)/(-20)). What are the prime factors of 1098*-5*p/(-50)?
3, 61
Let d be 63/(-189) - (0 + 32/(-6)). Let b be (-365)/(-5) - (d + -1). What are the prime factors of (-56)/(-21)*b/2?
2, 23
Suppose u - 145004 = -4*r, 2*u = -7*r + 2*r + 181252. What are the prime factors of r?
2, 3, 19, 53
Let q be (-4)/8*(19 - 23). Suppose 1582 + 66 = q*r. List the prime factors of r.
2, 103
Let r(z) = -z**2 + 15*z - 46. Let c be r(10). Suppose -5*w = m - 291, 5*m - c*w = -7*w + 1389. What are the prime factors of m?
2, 3, 23
Let r be (6/5)/((-9)/60). Let k be (r - -2)*35/14. Let x = 13 - k. List the prime factors of x.
2, 7
What are the prime factors of ((-41753581)/(-714) - 10/(-7)) + 1/6?
2, 5, 17, 43
Suppose -3*n + s - 5 = 0, 0*n - 4*n = 2*s. What are the prime factors of (-77*(5 - (3 + 1)))/n?
7, 11
Suppose 15 = -5*q, -61459 = -8*y + 4*y + q. List the prime factors of y.
2, 23, 167
Let a = 858 + -160. Let n be (-1)/(5/2 + -3). Suppose -5*t = -2*r - a, -r - 2 - n = 0. What are the prime factors of t?
2, 3, 23
Let o(m) = -76382*m**3 + m**2 - 99*m - 99. What are the prime factors of o(-1)?
3, 23, 41
Let w be (-2 - -5)/(-3)*(4 + -5). Let u be -9 - -10 - (-2 + (-3)/w). Suppose -u*s = -386 - 358. What are the prime factors of s?
2, 31
Let r(d) = -15*d - 16. Suppose -9 = -3*z - 3*t, 5 = -z - 0*t + 3*t. Let o be (-3 + (z - -1))*8. List the prime factors of r(o).
2, 13
Suppose -4749240 = -30*i - 65*i. List the prime factors of i.
2, 3, 2083
Suppose 0 = -2*w - k + 13, 3*k = 2*w - 0*k - 1. Let x be 144/w + 5 + 120/(-25). Suppose q + 5*c - 53 = x, -310 = -3*q + c. What are the prime factors of q?
2, 3, 17
Suppose 0 = -231*p + 239*p. Suppose -4*j + 1161 = z - 145, -j + 5*z + 337 = p. What are the prime factors of j?
3, 109
Suppose 3*g - 2 = -2. Suppose g = 2*u - 166 - 130. List the prime factors of (u - -3) + (2 - 0) + 0.
3, 17
Suppose -3482931 = -257*l + 1113514. List the prime factors of l.
5, 7, 73
List the prime factors of (8308/(-186))/(9/(-9423)).
2, 67, 349
Suppose -3266 = -5*k - 4*t, 2*k = -3*t - 703 + 2008. What are the prime factors of k + -9 + 1 + 1 + 3?
2, 5, 13
Suppose 3*w = -a + 613 + 20612, -4*w + 28300 = 4*a. What are the prime factors of w?
5, 283
Let y = 8 + -2. Suppose -136 = -5*x - 29*x. Suppose x*d + y = 106. What are the prime factors of d?
5
Let c = 99 - -120. Suppose -232 = -5*a + 5*b + 73, c = 4*a + b. List the prime factors of a.
2, 7
Let o = -4034 + 8855. What are the prime factors of o?
3, 1607
Let m be (((-2 - -1)*0)/2)/(-1). What are the prime factors of (-2 - -925) + -6 + m?
7, 131
Suppose -13*k = 24*k - 125638 + 35913. List the prime factors of k.
5, 97
Suppose 119 = t - 3*b + 570, 5*b = 5*t + 2295. Let k = -437 - t. What are the prime factors of k?
2, 13
Let l(y) = -5 - 4*y**2 - y**3 + 3*y**3 + 9*y + 3. Let z be -7 + 8 + (-12)/(-4). What are the prime factors of l(z)?
2, 7
Let b(c) = 5*c**3 - 15*c**2 - 11*c + 31. Let q be b(7). Let f = q + -275. List the prime factors of f.
659
Let p = -199 - -201. Suppose p*i - 6*u = -u + 103, -3*i = -2*u - 138. What are the prime factors of i?
2, 11
Suppose -5*k = 2*w - 80635, -3*k - 2*w + 58123 = 9738. What are the prime factors of k?
3, 5, 43
Let b be -2*3*(5 + (-191)/2). Suppose -b*c + 1728 = -540*c. What are the prime factors of c?
2, 3
Suppose -17 = -6*g + 7*g. Let q = g + 95. Suppose -2*r + 147 = t, -5*t + r - q = -780. List the prime factors of t.
3, 47
Suppose -4*z = -12*r + 8*r + 80, 2*z - 3*r + 40 = 0. Let f be -20 - z - 1*-5. Suppose 0 = -f*s - 4*j + 1430, 3*s + 3*j + 549 = 5*s. List the prime factors of s.
2, 3, 47
Let i be ((-1)/(-2))/(2/(-424)). Let f be 2/(-6) + (-1118)/(-6) + 4. Let w = i + f. What are the prime factors of w?
2, 3, 7
Suppose 48*o - 47*o - 8636 = -5*g, 4*o = g + 34544. List the prime factors of o.
2, 17, 127
Suppose 34*i = 48*i - 420. Suppose 1092 = i*t - 24*t. List the prime factors of t.
2, 7, 13
Let x = 1870 + -908. Let i = -465 + x. List the prime factors of i.
7, 71
Suppose 0 = 2*t - 10, -3*a + 4*t + 4 = 18. Suppose 5*n - 7 = -5*j + 48, -a*n + 10 = 5*j. What are the prime factors of 15*(10/n)/(4/38)?
5, 19
Suppose 4*y + 6041 = 2*x - 11995, 4*x = -3*y + 36138. List the prime factors of x.
2, 3, 5, 7, 43
Suppose -5*a + 3*l = -16, -2*a + l + 12 = a. Suppose a*i - 4*k = 7, -2*k - 5 = i - 6*k. List the prime factors of (i - 6)*1 - (2 - 135).
2, 5, 13
What are the prime factors of (445/8 + 28/224)*296?
2, 37, 223
Let z(r) = r**3 + 7*r**2 - 14*r - 43. Let l be z(-8). Suppose -l*f + 6*f + 3*t - 287 = 0, 614 = 2*f - 2*t. What are the prime factors of f?
2, 151
Let g(m) = -434*m. Let x be (-6)/8 + 4/(-16). Let y be g(x). Suppose -a + 8*a = y. List the prime factors of a.
2, 31
Suppose -3*q - 4*y = -389, 0 = q + 3*y - 128. Suppose a = -0*a - z - 6, -3*a = -2*z + 23. Let m = q - a. List the prime factors of m.
2, 3, 23
Let o(s) = -2329*s - 775. List the prime factors of o(-3).
2, 1553
Suppose 0 = -2*o + 5*k - 8, 2*k = 4*o - 4 - 12. Suppose -o*l - 83 = -389. List the prime factors of l.
3, 17
Let u = 510 + -463. Suppose 0 = -4*a + 3*r - 79, r - 5 = a + 16. Let t = a + u. What are the prime factors of t?
31
Let c(x) = x**3 + 9*x**2 + 10*x + 12. Let m be c(-8). Let u be -8*2/m + 0. Suppose 2*h - z + u*z = 106, 3*h + 2*z = 159. What are the prime factors of h?
53
Suppose -3*l - 692 - 76 = 0. Let m = l - -643. What are the prime factors of m?
3, 43
Let h(g) = -g**2 + 20*g - 15. Let p be h(19). Suppose p*a - 29 = 83. Let u = 40 - a. List the prime factors of u.
2, 3
Suppose -290*m + 58191 + 3579 = 0. What are the prime factors of m?
3, 71
Let b = 2849 + -2334. What are the prime factors of b?
5, 103
Suppose 13*c - 11*c - v - 36332 = 0, -30 = -5*v. List the prime factors of c.
18169
List the prime factors of 1494/24*(-1320)/(-9).
2, 5, 11, 83
Suppose 0 = 3*s + 6*s + 2*s. Suppose 4*h - 12 = 0, s = -5*y + 4*y + 4*h + 50. What are the prime factors of y?
2, 31
Let m be (72/30)/(13/10 - 1). Suppose -10*f + 536 = -m*f. What are the prime factors of f?
2, 67
Let l = 331 - -1187. What are the prime factors of l?
2, 3, 11, 23
Suppose 0*m = -m - 5*u - 8191, -3*m - 4*u - 24617 = 0. List the prime factors of m/23*(-1 + 0).
3, 7, 17
Let g = -140 - 18. Let p = 368 + g. What are the prime factors of p?
2, 3, 5, 7
Suppose 2*t + 0*t + 38 = 0. Let q = -23 - t. List the prime factors of 2*-9*12/q.
2, 3
Let z = 105038 + -63056. What are the prime factors of z?
2, 3, 6997
Let h = 5 + -19. Let j be (-5854)/h + ((-39)/(-21) - 2). Let c = j + -147. What are the prime factors of c?
271
List the prime factors of (7330/40 + -22)*(-4)/(-3).
5, 43
Let c(r) = -r**3 - 3*r + 135. Let t = 96 + -92. Suppose -x + 15 = -5*y, t*x - 2*y = -x + 6. List the prime factors of c(x).
3, 5
Suppose 8314 + 3138 = 14*b. Suppose -b + 5626 = 8*c. Suppose -3*u = -6*z + z + c, -3*z - 5*u = -381. What are the prime factors of z?
2, 61
Let q(m) = -m**3 + 6*m**2 - 10*m - 2. Let s be q(5). What are the prime factors of 49 + (2 - s/(-3))?
2, 3, 7
Suppose -15 + 55 = 10*n. Let f(i) = i**2 - 5*i + 3. Let k be f(n). List the prime factors of ((-1554)/(-30))/(k/(-5)).
7, 37
Let d = -19 - -29. Let i(a) = 5*a**2 + 23*a - 7. Let x be i(-5). Suppose 0 = x*k - 103 + d. What are the prime factors of k?
31
Suppose -10*s + 2*s + 80 = 0. Suppose 0 = 3*b + s + 2. List the prime factors of (398/10)/((-16)/20)*b.
199
Let d(p) = -3*p**2 + 4*p - 28. Let b be d(-10). Let n = b + 397. What are the prime factors of n?
29
Suppose -471 - 3025 = -8*x. Suppose 447*h - x*h = 7710. What are the prime factors of h?
3, 257
Suppose -5*g = -3*g - 3*q + 200, -10 = -5*q. What are the prime factors of g/((-195)/(-50) - 4)?
2, 5, 97
List the prime factors of 11/((-154)/(-42)) + 57*224 + -3.
2, 3, 7, 19
Suppose -5*v + 0*v - 10 = 0. Let k be (-176)/22*v/(-8). What are the prime factors of 40 + 5 - (-8)/k?
41
Suppose v - 6435 = -3*g, 3*v = 2*g - 2001 - 2300. What are the prime factors of g?
2, 29, 37
Let q(v) = 1141*v**2 + 15*v + 15. What are the prime factors of q(-1)?
7, 163
Suppose 5*d - 4*o - 16 = 0, 4*d + o = 4*o + 12. Suppose d = -m + 4*p + 3 + 3, 5*m = -3*p + 53. Suppose -m*j + 6*j